{"id":36,"date":"2020-10-30T18:40:55","date_gmt":"2020-10-30T17:40:55","guid":{"rendered":"http:\/\/www.35robotki.bluserwer.pl\/index.php\/mesmerize\/"},"modified":"2026-02-03T15:16:48","modified_gmt":"2026-02-03T14:16:48","slug":"mesmerize","status":"publish","type":"page","link":"https:\/\/www.35robotki.bluserwer.pl\/","title":{"rendered":"Najpiekniejsze rob\u00f3tki r\u0119czne"},"content":{"rendered":"\n<p style=\"font-size:25px\"><span class=\"has-inline-color has-vivid-red-color\"><strong>Tu znajdziecie najpi\u0119kniejsze rob\u00f3tki r\u0119cznie i starannie wykonane technik\u0105 wyszywania nie mo\u017cecie tego przegapi\u0107 zajrzecie na t\u0105 stron\u0119<\/strong><\/span><\/p>\n","protected":false},"excerpt":{"rendered":"<p>Tu znajdziecie najpi\u0119kniejsze rob\u00f3tki r\u0119cznie i starannie wykonane technik\u0105 wyszywania nie mo\u017cecie tego przegapi\u0107 zajrzecie na t\u0105 stron\u0119<\/p>\n","protected":false},"author":1,"featured_media":0,"parent":0,"menu_order":0,"comment_status":"closed","ping_status":"closed","template":"page-templates\/homepage.php","meta":[],"_links":{"self":[{"href":"https:\/\/www.35robotki.bluserwer.pl\/index.php\/wp-json\/wp\/v2\/pages\/36"}],"collection":[{"href":"https:\/\/www.35robotki.bluserwer.pl\/index.php\/wp-json\/wp\/v2\/pages"}],"about":[{"href":"https:\/\/www.35robotki.bluserwer.pl\/index.php\/wp-json\/wp\/v2\/types\/page"}],"author":[{"embeddable":true,"href":"https:\/\/www.35robotki.bluserwer.pl\/index.php\/wp-json\/wp\/v2\/users\/1"}],"replies":[{"embeddable":true,"href":"https:\/\/www.35robotki.bluserwer.pl\/index.php\/wp-json\/wp\/v2\/comments?post=36"}],"version-history":[{"count":5,"href":"https:\/\/www.35robotki.bluserwer.pl\/index.php\/wp-json\/wp\/v2\/pages\/36\/revisions"}],"predecessor-version":[{"id":131,"href":"https:\/\/www.35robotki.bluserwer.pl\/index.php\/wp-json\/wp\/v2\/pages\/36\/revisions\/131"}],"wp:attachment":[{"href":"https:\/\/www.35robotki.bluserwer.pl\/index.php\/wp-json\/wp\/v2\/media?parent=36"}],"curies":[{"name":"wp","href":"https:\/\/api.w.org\/{rel}","templated":true}]}}